 -31?
1330
In base 8, what is -64644 - 23?
-64667
In base 15, what is -3077 - -1b?
-305b
In base 3, what is 1220212011 - 10?
1220212001
In base 11, what is 357 + -2922?
-2576
In base 8, what is 30024 - -3?
30027
In base 14, what is -dd + 323?
224
In base 9, what is -2 + 1440653?
1440651
In base 9, what is 1147 + 411?
1558
In base 7, what is 140 + 3553?
4023
In base 2, what is 111110100010 - -11111011?
1000010011101
In base 4, what is -20213 + -233?
-21112
In base 14, what is -1124d + 3?
-1124a
In base 15, what is 3 + 904b?
904e
In base 12, what is 1676a - -2?
16770
In base 12, what is -4 + -34627?
-3462b
In base 8, what is 4 - -45753?
45757
In base 5, what is 2404304 - -11?
2404320
In base 11, what is -626 + -327?
-952
In base 2, what is -1101110110011101 - -100?
-1101110110011001
In base 16, what is -12 - 4a04?
-4a16
In base 6, what is -14 + -31311?
-31325
In base 11, what is -3 - 1936a?
-19372
In base 13, what is 22 + -96c3?
-96a1
In base 5, what is 2314 - -23?
2342
In base 2, what is 1000011 - -1001011010?
1010011101
In base 15, what is -2edd + 21?
-2ebc
In base 11, what is 917a + 0?
917a
In base 9, what is 100868 - -6?
100875
In base 10, what is -18439 - -4?
-18435
In base 7, what is 21503 + -1?
21502
In base 14, what is -18105 + 0?
-18105
In base 10, what is -859 - -249?
-610
In base 15, what is -307c - -1?
-307b
In base 3, what is -222212002 - 1?
-222212010
In base 6, what is 221 - -40544?
41205
In base 14, what is c + -aa3?
-a95
In base 11, what is -2843 - -3?
-2840
In base 4, what is 100020 - -1022?
101102
In base 10, what is 18272 - -1?
18273
In base 12, what is 39218 - -5?
39221
In base 16, what is -22 + 2aaa?
2a88
In base 14, what is 27272 - -1?
27273
In base 12, what is -1b0 - -48?
-164
In base 14, what is -63224 - -4?
-63220
In base 2, what is 101 - -100010001110001?
100010001110110
In base 5, what is 4 - -40004341?
40004400
In base 12, what is -144 + -58b3?
-5a37
In base 14, what is cc5 + 7?
ccc
In base 11, what is -36 - 2991?
-2a17
In base 2, what is 101111000 - 10110?
101100010
In base 15, what is -2 + -21037?
-21039
In base 16, what is -1d1b + -1?
-1d1c
In base 6, what is 314512301 - 3?
314512254
In base 3, what is -11220210121 + -200?
-11220211021
In base 8, what is -1 + -3225315?
-3225316
In base 6, what is -24 + -3445?
-3513
In base 2, what is -11 + 1001001101101111111?
1001001101101111100
In base 8, what is 46517 + 12?
46531
In base 16, what is -e5b + 1?
-e5a
In base 11, what is 315 + 61?
376
In base 5, what is -10441441 - -1?
-10441440
In base 7, what is -1264530 + 32?
-1264465
In base 8, what is -107 + 2507?
2400
In base 10, what is -2952 + -1?
-2953
In base 3, what is 1200100220 + -11?
1200100202
In base 9, what is -3 + -60170?
-60173
In base 12, what is 5 - 18674a?
-186745
In base 11, what is 1353 + 38?
1390
In base 14, what is 112 + 2d61?
3073
In base 2, what is -100 - -100110000101010?
100110000100110
In base 3, what is 2 - -2202211111?
2202211120
In base 6, what is -141053 - -4?
-141045
In base 5, what is -10242 - 413?
-11210
In base 6, what is -24 - -220023?
215555
In base 12, what is -4a54 + -406?
-525a
In base 13, what is -1559 + -a?
-1566
In base 16, what is -2d - 51d?
-54a
In base 9, what is -732514 - 2?
-732516
In base 16, what is -1dc - 22?
-1fe
In base 14, what is 2671 + -106?
2569
In base 4, what is -3132123 - 2?
-3132131
In base 4, what is -20 - -201020223?
201020203
In base 5, what is -24 - -122404?
122330
In base 6, what is -5 - 111043?
-111052
In base 8, what is 4 + 552174?
552200
In base 3, what is -120 + 1021010?
1020120
In base 11, what is 2 - -387a78?
387a7a
In base 15, what is 2527 - d4?
2443
In base 9, what is -213 + -10?
-223
In base 12, what is 4875 + -3?
4872
In base 15, what is bd8 + -4c?
b8b
In base 14, what is b + 388b4?
388c1
In base 10, what is 89 + -5526?
-5437
In base 5, what is 3 + 2122?
2130
In base 12, what is 5721 + -a?
5713
In base 11, what is -15 - 543a?
-5454
In base 12, what is -5 + -772b9?
-77302
In base 14, what is 1bd46 + 4?
1bd4a
In base 9, what is -152360 - -4?
-152355
In base 13, what is -68 - 7355?
-73c0
In base 14, what is -247a - -34b?
-212d
In base 7, what is 6 - 21452?
-21443
In base 10, what is 4113 - -9?
4122
In base 2, what is -1001000110110010111 + 101?
-1001000110110010010
In base 11, what is -8151 + 15?
-8137
In base 9, what is -10 - 3722?
-3732
In base 10, what is -140 + -17?
-157
In base 8, what is -3 - -203102?
203077
In base 16, what is d5b - 6?
d55
In base 16, what is 4 - bd4?
-bd0
In base 15, what is 6b0 + -2b?
684
In base 14, what is -14650 - 16?
-14666
In base 5, what is -222324403 - 4?
-222324412
In base 5, what is -410 - -10014?
4104
In base 11, what is -5a + 462?
403
In base 13, what is -8 - 3b4?
-3bc
In base 9, what is -10 - 5237?
-5247
In base 11, what is 174 + 86?
24a
In base 16, what is e7b - -5?
e80
In base 16, what is -1b + -16c3?
-16de
In base 10, what is -6 + 12987?
12981
In base 15, what is 347d - 5?
3478
In base 5, what is 200201 - -10?
200211
In base 5, what is -404121 - 0?
-404121
In base 10, what is -2947 - 10?
-2957
In base 12, what is 1986 - -45?
1a0b
In base 9, what is 4088 - 526?
3462
In base 9, what is -22 + -1028?
-1051
In base 11, what is -6 - 225a?
-2265
In base 10, what is 128 + -1030?
-902
In base 4, what is 12333301 + -1?
12333300
In base 10, what is -918058 - 1?
-918059
In base 11, what is 698 - 203?
495
In base 3, what is -22111011 + -2?
-22111020
In base 15, what is -3b1d + 0?
-3b1d
In base 2, what is 10110000111 + -110?
10110000001
In base 9, what is -5534 + -3?
-5537
In base 12, what is -15 + a2ba5?
a2b90
In base 3, what is -1111 + -1100220?
-1102101
In base 3, what is -1022001 - -1112101?
20100
In base 5, what is -1122202 + 0?
-1122202
In base 16, what is 307e2 + 7?
307e9
In base 9, what is -611418 - -1?
-611417
In base 4, what is 13203 - 233?
12310
In base 13, what is -a911 - -56?
-a888
In base 14, what is 53 - -52c7?
533a
In base 16, what is 2f172 + -2?
2f170
In base 14, what is 0 - 44a?
-44a
In base 13, what is -27c9cb2 - 1?
-27c9cb3
In base 9, what is 1 - -17835?
17836
In base 13, what is -33 + -369ca?
-36a30
In base 10, what is 3 + 14282?
14285
In base 11, what is 36 + -63a?
-604
In base 9, what is -3 + 214086?
214083
In base 2, what is 1 + 100001110000010101?
100001110000010110
In base 9, what is 27206 + -131?
27065
In base 16, what is -1ed5 + -1f?
-1ef4
In base 6, what is -14310 + 5?
-14301
In base 14, what is -7d2b - 27?
-7d54
In base 2, what is 11101011111 + 111111110?
100101011101
In base 7, what is -311 + 1216?
605
In base 16, what is 5d0 + 75?
645
In base 13, what is -1666 + -480?
-1b16
In base 3, what is 12101220221 + 1201?
12101222122
In base 10, what is 2 + 19638?
19640
In base 5, what is -11123100 - -34?
-11123011
In base 11, what is -3404 - 49?
-3452
In base 16, what is -10 + 1321?
1311
In base 13, what is 3107 + -c?
30c8
In base 12, what is -85 - 47b?
-544
In base 13, what is -8c958 - -4?
-8c954
In base 7, what is -302155 + 112?
-302043
In base 14, what is -10db8 - -1?
-10db7
In base 12, what is a0a9 + 16?
a103
In base 8, what is 57 - -43435?
43514
In base 8, what is 3336 + -140?
3176
In base 12, what is a47a - 3?
a477
In base 9, what is 5000 - 6?
4883
In base 6, what is -3 + 555540?
555533
In base 14, what is 3 + -1d8c?
-1d89
In base 6, what is -32331 - -33?
-32254
In base 9, what is 18 - -4080?
4108
In base 2, what is -11010010 - 101010101?
-1000100111
In base 11, what is 4 - 160a39?
-160a35
In base 2, what is 10 - 1101110001101?
-1101110001011
In base 2, what is -10001 - 101000001011110?
-101000001101111
In base 10, what is 4 + 5097?
5101
In base 2, what is 11000100010001010 - 100?
11000100010000110
In base 5, what is 1004 - 20312?
-14303
In base 16, what is -6f29 + -f?
-6f38
In base 6, what is -3 - -2435?
2432
In base 6, what is 14115505 - 11?
14115454
In base 8, what is -3363 - -671?
-2472
In base 4, what is 330 - 2021?
-1031
In base 14, what is -8c1 + 56?
-869
In base 16, what is -58518 + 4?
-58514
In base 2, what is 1110101101010111 - 11?
1110101101010100
In base 16, what is -e - 21aa?
-21b8
In base 5, what is 120 - 444003?
-443333
In base 7, what is 3 + -4310310?
-4310304
In base 13, what is 16a325 - -4?
16a329
In base 15, what is -18 + 279b?
2783
In base 3, what is -111111 - -101122112?
1010